{"id":40,"date":"2021-07-21T22:00:27","date_gmt":"2021-07-21T20:00:27","guid":{"rendered":"http:\/\/it-jm.fr\/?page_id=40"},"modified":"2022-01-28T23:13:29","modified_gmt":"2022-01-28T22:13:29","slug":"elementor-40","status":"publish","type":"page","link":"https:\/\/it-jm.fr\/?page_id=40","title":{"rendered":"[Xibo] &#8211; Affichage digital \/ Digital Signage"},"content":{"rendered":"\t\t<div data-elementor-type=\"wp-page\" data-elementor-id=\"40\" class=\"elementor elementor-40\">\n\t\t\t\t\t\t<section class=\"elementor-section elementor-top-section elementor-element elementor-element-a0d8b69 elementor-section-boxed elementor-section-height-default elementor-section-height-default\" data-id=\"a0d8b69\" data-element_type=\"section\" data-e-type=\"section\">\n\t\t\t\t\t\t<div class=\"elementor-container elementor-column-gap-default\">\n\t\t\t\t\t<div class=\"elementor-column elementor-col-100 elementor-top-column elementor-element elementor-element-234b7bc\" data-id=\"234b7bc\" data-element_type=\"column\" data-e-type=\"column\">\n\t\t\t<div class=\"elementor-widget-wrap elementor-element-populated\">\n\t\t\t\t\t\t<div class=\"elementor-element elementor-element-fa9366c elementor-widget-divider--view-line elementor-widget elementor-widget-divider\" data-id=\"fa9366c\" data-element_type=\"widget\" data-e-type=\"widget\" data-widget_type=\"divider.default\">\n\t\t\t\t<div class=\"elementor-widget-container\">\n\t\t\t\t\t\t\t<div class=\"elementor-divider\">\n\t\t\t<span class=\"elementor-divider-separator\">\n\t\t\t\t\t\t<\/span>\n\t\t<\/div>\n\t\t\t\t\t\t<\/div>\n\t\t\t\t<\/div>\n\t\t\t\t\t<\/div>\n\t\t<\/div>\n\t\t\t\t\t<\/div>\n\t\t<\/section>\n\t\t\t\t<section class=\"elementor-section elementor-top-section elementor-element elementor-element-c3e8192 elementor-section-boxed elementor-section-height-default elementor-section-height-default\" data-id=\"c3e8192\" data-element_type=\"section\" data-e-type=\"section\">\n\t\t\t\t\t\t<div class=\"elementor-container elementor-column-gap-default\">\n\t\t\t\t\t<div class=\"elementor-column elementor-col-100 elementor-top-column elementor-element elementor-element-d073d18\" data-id=\"d073d18\" data-element_type=\"column\" data-e-type=\"column\">\n\t\t\t<div class=\"elementor-widget-wrap elementor-element-populated\">\n\t\t\t\t\t\t<div class=\"elementor-element elementor-element-ca807b6 elementor-widget elementor-widget-image\" data-id=\"ca807b6\" data-element_type=\"widget\" data-e-type=\"widget\" data-widget_type=\"image.default\">\n\t\t\t\t<div class=\"elementor-widget-container\">\n\t\t\t\t\t\t\t\t\t\t\t\t\t\t\t<img decoding=\"async\" width=\"200\" height=\"98\" src=\"https:\/\/it-jm.fr\/wp-content\/uploads\/2022\/01\/logo.png\" class=\"attachment-medium size-medium wp-image-479\" alt=\"\" \/>\t\t\t\t\t\t\t\t\t\t\t\t\t\t\t<\/div>\n\t\t\t\t<\/div>\n\t\t\t\t\t<\/div>\n\t\t<\/div>\n\t\t\t\t\t<\/div>\n\t\t<\/section>\n\t\t\t\t<section class=\"elementor-section elementor-top-section elementor-element elementor-element-ecee97b elementor-section-boxed elementor-section-height-default elementor-section-height-default\" data-id=\"ecee97b\" data-element_type=\"section\" data-e-type=\"section\">\n\t\t\t\t\t\t<div class=\"elementor-container elementor-column-gap-default\">\n\t\t\t\t\t<div class=\"elementor-column elementor-col-100 elementor-top-column elementor-element elementor-element-c8e3cfb\" data-id=\"c8e3cfb\" data-element_type=\"column\" data-e-type=\"column\">\n\t\t\t<div class=\"elementor-widget-wrap elementor-element-populated\">\n\t\t\t\t\t\t<div class=\"elementor-element elementor-element-88d369e elementor-widget-divider--view-line elementor-widget elementor-widget-divider\" data-id=\"88d369e\" data-element_type=\"widget\" data-e-type=\"widget\" data-widget_type=\"divider.default\">\n\t\t\t\t<div class=\"elementor-widget-container\">\n\t\t\t\t\t\t\t<div class=\"elementor-divider\">\n\t\t\t<span class=\"elementor-divider-separator\">\n\t\t\t\t\t\t<\/span>\n\t\t<\/div>\n\t\t\t\t\t\t<\/div>\n\t\t\t\t<\/div>\n\t\t\t\t\t<\/div>\n\t\t<\/div>\n\t\t\t\t\t<\/div>\n\t\t<\/section>\n\t\t\t\t<section class=\"elementor-section elementor-top-section elementor-element elementor-element-981599f elementor-section-boxed elementor-section-height-default elementor-section-height-default\" data-id=\"981599f\" data-element_type=\"section\" data-e-type=\"section\">\n\t\t\t\t\t\t<div class=\"elementor-container elementor-column-gap-default\">\n\t\t\t\t\t<div class=\"elementor-column elementor-col-100 elementor-top-column elementor-element elementor-element-47e01d9\" data-id=\"47e01d9\" data-element_type=\"column\" data-e-type=\"column\">\n\t\t\t<div class=\"elementor-widget-wrap elementor-element-populated\">\n\t\t\t\t\t\t<div class=\"elementor-element elementor-element-eb72caf elementor-widget elementor-widget-text-editor\" data-id=\"eb72caf\" data-element_type=\"widget\" data-e-type=\"widget\" data-widget_type=\"text-editor.default\">\n\t\t\t\t<div class=\"elementor-widget-container\">\n\t\t\t\t\t\t\t\t\t<p>est un logiciel d\u2019affichage dynamique libre sous licence GNU Affero General Public License. Il est multi-\u00e9crans, multi-zones, enti\u00e8rement programm\u00e9e pour l&rsquo;affichage dynamique et contr\u00f4l\u00e9e par une interface web centralis\u00e9e. Il permet de diffuser des contenus multim\u00e9dias sur de multiple \u00e9crans. L\u2019affichage dynamique est un outil de communication performant pour dynamiser un espace (lieux de passage, salle d\u2019attente, r\u00e9ception, caisse, etc.). Xibo est un logiciel pour une utilisation professionnelle, il est personnalisable, intuitif, efficace et s\u00fbr. Il permet de cr\u00e9er l\u2019\u00e9quivalent d\u2019une cha\u00eene de t\u00e9l\u00e9vision avec une administration simple du contenu et de la dur\u00e9e d\u2019affichage. Cette interface g\u00e8re les diff\u00e9rents m\u00e9dias (vid\u00e9os, pr\u00e9sentation, images\u2026) qui sont diffus\u00e9s sur diff\u00e9rents p\u00e9riph\u00e9riques (\u00e9crans LCD, vid\u00e9o projecteurs, \u00e9crans plasma\u2026). Un logiciel client install\u00e9s sur les postes est mis automatiquement \u00e0 jour.<\/p>\t\t\t\t\t\t\t\t<\/div>\n\t\t\t\t<\/div>\n\t\t\t\t\t<\/div>\n\t\t<\/div>\n\t\t\t\t\t<\/div>\n\t\t<\/section>\n\t\t\t\t<section class=\"elementor-section elementor-top-section elementor-element elementor-element-a062242 elementor-section-boxed elementor-section-height-default elementor-section-height-default\" data-id=\"a062242\" data-element_type=\"section\" data-e-type=\"section\">\n\t\t\t\t\t\t<div class=\"elementor-container elementor-column-gap-default\">\n\t\t\t\t\t<div class=\"elementor-column elementor-col-100 elementor-top-column elementor-element elementor-element-eecadf7\" data-id=\"eecadf7\" data-element_type=\"column\" data-e-type=\"column\">\n\t\t\t<div class=\"elementor-widget-wrap elementor-element-populated\">\n\t\t\t\t\t\t<div class=\"elementor-element elementor-element-9039690 elementor-widget elementor-widget-toggle\" data-id=\"9039690\" data-element_type=\"widget\" data-e-type=\"widget\" data-widget_type=\"toggle.default\">\n\t\t\t\t<div class=\"elementor-widget-container\">\n\t\t\t\t\t\t\t<div class=\"elementor-toggle\">\n\t\t\t\t\t\t\t<div class=\"elementor-toggle-item\">\n\t\t\t\t\t<div id=\"elementor-tab-title-1511\" class=\"elementor-tab-title\" data-tab=\"1\" role=\"button\" aria-controls=\"elementor-tab-content-1511\" aria-expanded=\"false\">\n\t\t\t\t\t\t\t\t\t\t\t\t<span class=\"elementor-toggle-icon elementor-toggle-icon-left\" aria-hidden=\"true\">\n\t\t\t\t\t\t\t\t\t\t\t\t\t\t\t<span class=\"elementor-toggle-icon-closed\"><i class=\"fas fa-chevron-right\"><\/i><\/span>\n\t\t\t\t\t\t\t\t<span class=\"elementor-toggle-icon-opened\"><i class=\"elementor-toggle-icon-opened fas fa-check\"><\/i><\/span>\n\t\t\t\t\t\t\t\t\t\t\t\t\t<\/span>\n\t\t\t\t\t\t\t\t\t\t\t\t<a class=\"elementor-toggle-title\" tabindex=\"0\">Pr\u00e9requis<\/a>\n\t\t\t\t\t<\/div>\n\n\t\t\t\t\t<div id=\"elementor-tab-content-1511\" class=\"elementor-tab-content elementor-clearfix\" data-tab=\"1\" role=\"region\" aria-labelledby=\"elementor-tab-title-1511\"><p>Vous disposez d&rsquo;un serveur web, dans ma pr\u00e9sentation j&rsquo;utilise Nginx mais il est tout \u00e0 fait possible d&rsquo;utiliser Apache.<\/p><p><span style=\"font-size: 1rem;\">Ensuite, vous aurez besoin d&rsquo;un support php pour faire fonctionner correctement l&rsquo;application.<\/span><\/p><\/div>\n\t\t\t\t<\/div>\n\t\t\t\t\t\t\t<div class=\"elementor-toggle-item\">\n\t\t\t\t\t<div id=\"elementor-tab-title-1512\" class=\"elementor-tab-title\" data-tab=\"2\" role=\"button\" aria-controls=\"elementor-tab-content-1512\" aria-expanded=\"false\">\n\t\t\t\t\t\t\t\t\t\t\t\t<span class=\"elementor-toggle-icon elementor-toggle-icon-left\" aria-hidden=\"true\">\n\t\t\t\t\t\t\t\t\t\t\t\t\t\t\t<span class=\"elementor-toggle-icon-closed\"><i class=\"fas fa-chevron-right\"><\/i><\/span>\n\t\t\t\t\t\t\t\t<span class=\"elementor-toggle-icon-opened\"><i class=\"elementor-toggle-icon-opened fas fa-check\"><\/i><\/span>\n\t\t\t\t\t\t\t\t\t\t\t\t\t<\/span>\n\t\t\t\t\t\t\t\t\t\t\t\t<a class=\"elementor-toggle-title\" tabindex=\"0\">T\u00e9l\u00e9chargement de la derni\u00e8re version du CMS<\/a>\n\t\t\t\t\t<\/div>\n\n\t\t\t\t\t<div id=\"elementor-tab-content-1512\" class=\"elementor-tab-content elementor-clearfix\" data-tab=\"2\" role=\"region\" aria-labelledby=\"elementor-tab-title-1512\"><p>Les sources du CMS se situent sur GIT \u00e0 cet emplacement :<\/p>\n<p><b>https:\/\/github.com\/xibosignage\/xibo-cms\/releases<\/b><\/p>\n<p>J&rsquo;ai opt\u00e9 pour la version <b>3.0.6, la derni\u00e8re version.<\/b><\/p>\n<p># cd opt<\/p>\n<p># wget&nbsp;https:\/\/github.com\/xibosignage\/xibo-cms\/releases\/download\/3.0.6\/xibo-cms-3.0.6.tar.gz<\/p>\n<p>#&nbsp;tar -czvf xibo-cms-3.0.6.tar.gz<\/p>\n<p># mv&nbsp;<span style=\"font-size: 1rem;\">xibo-cms-3.0.6 \/var\/www\/xibo<\/span><\/p><p><span style=\"font-size: 1rem;\">#&nbsp;<\/span>chown www-data:www-data -R xibo<\/p><\/div>\n\t\t\t\t<\/div>\n\t\t\t\t\t\t\t<div class=\"elementor-toggle-item\">\n\t\t\t\t\t<div id=\"elementor-tab-title-1513\" class=\"elementor-tab-title\" data-tab=\"3\" role=\"button\" aria-controls=\"elementor-tab-content-1513\" aria-expanded=\"false\">\n\t\t\t\t\t\t\t\t\t\t\t\t<span class=\"elementor-toggle-icon elementor-toggle-icon-left\" aria-hidden=\"true\">\n\t\t\t\t\t\t\t\t\t\t\t\t\t\t\t<span class=\"elementor-toggle-icon-closed\"><i class=\"fas fa-chevron-right\"><\/i><\/span>\n\t\t\t\t\t\t\t\t<span class=\"elementor-toggle-icon-opened\"><i class=\"elementor-toggle-icon-opened fas fa-check\"><\/i><\/span>\n\t\t\t\t\t\t\t\t\t\t\t\t\t<\/span>\n\t\t\t\t\t\t\t\t\t\t\t\t<a class=\"elementor-toggle-title\" tabindex=\"0\">[Nginx] - Configuration <\/a>\n\t\t\t\t\t<\/div>\n\n\t\t\t\t\t<div id=\"elementor-tab-content-1513\" class=\"elementor-tab-content elementor-clearfix\" data-tab=\"3\" role=\"region\" aria-labelledby=\"elementor-tab-title-1513\"><p><span style=\"font-size: 1rem;\">Voici la configuration \u00e0 mettre dans votre fichier de conf (*.conf) :<\/span><br><\/p>\n<p><span style=\"font-weight: 700;\">*\/ Votre emplacement menant au serveur web, dans mon exemple \/var\/www\/xibo\/ *\/<\/span><b><br><\/b><\/p><p><b>root \/var\/www\/xibo\/web;&nbsp;&nbsp;<\/b><\/p>\n<p><b>*\/ Les locations sont imp\u00e9ratifs et sont celles fournis sur le site officiel de Xibo *\/<\/b><\/p>\n<p><b>location <\/b>\/ {<br><strong>try_files $uri \/index.php?$args;<\/strong><br><strong>}<\/strong><\/p>\n<p><strong>location \/api\/authorize {<\/strong><br><strong>try_files $uri \/api\/authorize\/index.php?args;<\/strong><br><strong>}<\/strong><\/p>\n<p><strong>location \/api {<\/strong><br><strong>try_files $uri \/api\/index.php?$args;<\/strong><br><strong>}<\/strong><\/p>\n<p><strong>location \/install {<\/strong><br><strong>try_files $uri \/install\/index.php?$args;<\/strong><br><strong>}<\/strong><\/p>\n<p><strong>location \/maint {<\/strong><br><strong>try_files $uri \/maint\/index.php?$args;<\/strong><br><strong>}<\/strong><\/p>\n<p><strong>location \/maintenance {<\/strong><br><strong>try_files $uri \/index.php?$args;<\/strong><br><strong>}<\/strong><\/p><\/div>\n\t\t\t\t<\/div>\n\t\t\t\t\t\t\t<div class=\"elementor-toggle-item\">\n\t\t\t\t\t<div id=\"elementor-tab-title-1514\" class=\"elementor-tab-title\" data-tab=\"4\" role=\"button\" aria-controls=\"elementor-tab-content-1514\" aria-expanded=\"false\">\n\t\t\t\t\t\t\t\t\t\t\t\t<span class=\"elementor-toggle-icon elementor-toggle-icon-left\" aria-hidden=\"true\">\n\t\t\t\t\t\t\t\t\t\t\t\t\t\t\t<span class=\"elementor-toggle-icon-closed\"><i class=\"fas fa-chevron-right\"><\/i><\/span>\n\t\t\t\t\t\t\t\t<span class=\"elementor-toggle-icon-opened\"><i class=\"elementor-toggle-icon-opened fas fa-check\"><\/i><\/span>\n\t\t\t\t\t\t\t\t\t\t\t\t\t<\/span>\n\t\t\t\t\t\t\t\t\t\t\t\t<a class=\"elementor-toggle-title\" tabindex=\"0\">Installation<\/a>\n\t\t\t\t\t<\/div>\n\n\t\t\t\t\t<div id=\"elementor-tab-content-1514\" class=\"elementor-tab-content elementor-clearfix\" data-tab=\"4\" role=\"region\" aria-labelledby=\"elementor-tab-title-1514\"><\/div>\n\t\t\t\t<\/div>\n\t\t\t\t\t\t\t<div class=\"elementor-toggle-item\">\n\t\t\t\t\t<div id=\"elementor-tab-title-1515\" class=\"elementor-tab-title\" data-tab=\"5\" role=\"button\" aria-controls=\"elementor-tab-content-1515\" aria-expanded=\"false\">\n\t\t\t\t\t\t\t\t\t\t\t\t<span class=\"elementor-toggle-icon elementor-toggle-icon-left\" aria-hidden=\"true\">\n\t\t\t\t\t\t\t\t\t\t\t\t\t\t\t<span class=\"elementor-toggle-icon-closed\"><i class=\"fas fa-chevron-right\"><\/i><\/span>\n\t\t\t\t\t\t\t\t<span class=\"elementor-toggle-icon-opened\"><i class=\"elementor-toggle-icon-opened fas fa-check\"><\/i><\/span>\n\t\t\t\t\t\t\t\t\t\t\t\t\t<\/span>\n\t\t\t\t\t\t\t\t\t\t\t\t<a class=\"elementor-toggle-title\" tabindex=\"0\">Lecteur disponible sur<\/a>\n\t\t\t\t\t<\/div>\n\n\t\t\t\t\t<div id=\"elementor-tab-content-1515\" class=\"elementor-tab-content elementor-clearfix\" data-tab=\"5\" role=\"region\" aria-labelledby=\"elementor-tab-title-1515\"><ul><li><strong>Windows<\/strong><\/li><li><strong>Android<\/strong><\/li><li><strong>Linux<\/strong><\/li><li><strong>Tizen<\/strong><\/li><li><strong>Web Os<\/strong><\/li><\/ul><p><img decoding=\"async\" class=\"wp-image-231 size-full alignleft\" src=\"https:\/\/it-jm.fr\/wp-content\/uploads\/2021\/12\/Capture-decran-2021-12-27-183122.jpg\" alt=\"\" width=\"291\" height=\"86\" \/><\/p><p>\u00a0<\/p><\/div>\n\t\t\t\t<\/div>\n\t\t\t\t\t\t\t<div class=\"elementor-toggle-item\">\n\t\t\t\t\t<div id=\"elementor-tab-title-1516\" class=\"elementor-tab-title\" data-tab=\"6\" role=\"button\" aria-controls=\"elementor-tab-content-1516\" aria-expanded=\"false\">\n\t\t\t\t\t\t\t\t\t\t\t\t<span class=\"elementor-toggle-icon elementor-toggle-icon-left\" aria-hidden=\"true\">\n\t\t\t\t\t\t\t\t\t\t\t\t\t\t\t<span class=\"elementor-toggle-icon-closed\"><i class=\"fas fa-chevron-right\"><\/i><\/span>\n\t\t\t\t\t\t\t\t<span class=\"elementor-toggle-icon-opened\"><i class=\"elementor-toggle-icon-opened fas fa-check\"><\/i><\/span>\n\t\t\t\t\t\t\t\t\t\t\t\t\t<\/span>\n\t\t\t\t\t\t\t\t\t\t\t\t<a class=\"elementor-toggle-title\" tabindex=\"0\">[Interface web] - Tableau de bord<\/a>\n\t\t\t\t\t<\/div>\n\n\t\t\t\t\t<div id=\"elementor-tab-content-1516\" class=\"elementor-tab-content elementor-clearfix\" data-tab=\"6\" role=\"region\" aria-labelledby=\"elementor-tab-title-1516\"><p>Le CMS Xibo se pilote et configure via l&rsquo;interface web, elle se pr\u00e9sente sous cette forme :<\/p><p><img fetchpriority=\"high\" decoding=\"async\" class=\"aligncenter wp-image-250 size-full\" src=\"https:\/\/it-jm.fr\/wp-content\/uploads\/2021\/12\/Capture-decran-2021-12-27-183905.jpg\" alt=\"\" width=\"1890\" height=\"927\" srcset=\"https:\/\/it-jm.fr\/wp-content\/uploads\/2021\/12\/Capture-decran-2021-12-27-183905.jpg 1890w, https:\/\/it-jm.fr\/wp-content\/uploads\/2021\/12\/Capture-decran-2021-12-27-183905-300x147.jpg 300w, https:\/\/it-jm.fr\/wp-content\/uploads\/2021\/12\/Capture-decran-2021-12-27-183905-1024x502.jpg 1024w, https:\/\/it-jm.fr\/wp-content\/uploads\/2021\/12\/Capture-decran-2021-12-27-183905-768x377.jpg 768w, https:\/\/it-jm.fr\/wp-content\/uploads\/2021\/12\/Capture-decran-2021-12-27-183905-1536x753.jpg 1536w\" sizes=\"(max-width: 1890px) 100vw, 1890px\" \/><\/p><p>Comme vous pouvez le constater, en un instant, vous avez la synth\u00e8se globale de votre syst\u00e8me, celle-ci vous permet rapidement de visualiser et\/ou diagnostiquer un \u00e9ventuelle probl\u00e8me sur votre syst\u00e8me.<\/p><p>Voici la liste exhaustive des items pr\u00e9sents :\u00a0<\/p><ul><li><b>le nombre d&rsquo;afficheur,<\/b><\/li><li><b>la taille de la m\u00e9diath\u00e8que, le nombre d&rsquo;utilisateur,<\/b><\/li><li><b>les \u00e9v\u00e9nements en cours de diffusion,<\/b><\/li><li><b>l&rsquo;utilisation de la bande passante,<\/b><\/li><li><b>un camembert sur l&rsquo;utilisation de la m\u00e9diath\u00e8que,<\/b><\/li><li><b>un \u00e9tat instantan\u00e9 des afficheurs connect\u00e9s,<\/b><\/li><li><b>les actualit\u00e9s sur le logiciel<\/b>.<\/li><\/ul><\/div>\n\t\t\t\t<\/div>\n\t\t\t\t\t\t\t\t<\/div>\n\t\t\t\t\t\t<\/div>\n\t\t\t\t<\/div>\n\t\t\t\t\t<\/div>\n\t\t<\/div>\n\t\t\t\t\t<\/div>\n\t\t<\/section>\n\t\t\t\t<\/div>\n\t\t","protected":false},"excerpt":{"rendered":"<p>est un logiciel d\u2019affichage dynamique libre sous licence GNU Affero General Public License. Il est multi-\u00e9crans, multi-zones, enti\u00e8rement programm\u00e9e pour l&rsquo;affichage dynamique et contr\u00f4l\u00e9e par une interface web centralis\u00e9e. Il permet de diffuser des contenus multim\u00e9dias sur de multiple \u00e9crans. L\u2019affichage dynamique est un outil de communication performant pour dynamiser un espace (lieux de passage, [&hellip;]<\/p>\n","protected":false},"author":1,"featured_media":0,"parent":0,"menu_order":0,"comment_status":"closed","ping_status":"closed","template":"","meta":{"footnotes":""},"class_list":["post-40","page","type-page","status-publish","hentry"],"yoast_head":"<!-- This site is optimized with the Yoast SEO plugin v27.4 - https:\/\/yoast.com\/product\/yoast-seo-wordpress\/ -->\n<title>[Xibo] - Affichage digital \/ Digital Signage - IT-JM.FR<\/title>\n<meta name=\"robots\" content=\"index, follow, max-snippet:-1, max-image-preview:large, max-video-preview:-1\" \/>\n<link rel=\"canonical\" href=\"https:\/\/it-jm.fr\/?page_id=40\" \/>\n<meta property=\"og:locale\" content=\"fr_FR\" \/>\n<meta property=\"og:type\" content=\"article\" \/>\n<meta property=\"og:title\" content=\"[Xibo] - Affichage digital \/ Digital Signage - IT-JM.FR\" \/>\n<meta property=\"og:description\" content=\"est un logiciel d\u2019affichage dynamique libre sous licence GNU Affero General Public License. Il est multi-\u00e9crans, multi-zones, enti\u00e8rement programm\u00e9e pour l&rsquo;affichage dynamique et contr\u00f4l\u00e9e par une interface web centralis\u00e9e. Il permet de diffuser des contenus multim\u00e9dias sur de multiple \u00e9crans. L\u2019affichage dynamique est un outil de communication performant pour dynamiser un espace (lieux de passage, [&hellip;]\" \/>\n<meta property=\"og:url\" content=\"https:\/\/it-jm.fr\/?page_id=40\" \/>\n<meta property=\"og:site_name\" content=\"IT-JM.FR\" \/>\n<meta property=\"article:modified_time\" content=\"2022-01-28T22:13:29+00:00\" \/>\n<meta property=\"og:image\" content=\"https:\/\/it-jm.fr\/wp-content\/uploads\/2022\/01\/logo.png\" \/>\n<meta name=\"twitter:card\" content=\"summary_large_image\" \/>\n<meta name=\"twitter:label1\" content=\"Dur\u00e9e de lecture estim\u00e9e\" \/>\n\t<meta name=\"twitter:data1\" content=\"3 minutes\" \/>\n<script type=\"application\/ld+json\" class=\"yoast-schema-graph\">{\"@context\":\"https:\\\/\\\/schema.org\",\"@graph\":[{\"@type\":\"WebPage\",\"@id\":\"https:\\\/\\\/it-jm.fr\\\/?page_id=40\",\"url\":\"https:\\\/\\\/it-jm.fr\\\/?page_id=40\",\"name\":\"[Xibo] - Affichage digital \\\/ Digital Signage - IT-JM.FR\",\"isPartOf\":{\"@id\":\"https:\\\/\\\/it-jm.fr\\\/#website\"},\"primaryImageOfPage\":{\"@id\":\"https:\\\/\\\/it-jm.fr\\\/?page_id=40#primaryimage\"},\"image\":{\"@id\":\"https:\\\/\\\/it-jm.fr\\\/?page_id=40#primaryimage\"},\"thumbnailUrl\":\"https:\\\/\\\/it-jm.fr\\\/wp-content\\\/uploads\\\/2022\\\/01\\\/logo.png\",\"datePublished\":\"2021-07-21T20:00:27+00:00\",\"dateModified\":\"2022-01-28T22:13:29+00:00\",\"breadcrumb\":{\"@id\":\"https:\\\/\\\/it-jm.fr\\\/?page_id=40#breadcrumb\"},\"inLanguage\":\"fr-FR\",\"potentialAction\":[{\"@type\":\"ReadAction\",\"target\":[\"https:\\\/\\\/it-jm.fr\\\/?page_id=40\"]}]},{\"@type\":\"ImageObject\",\"inLanguage\":\"fr-FR\",\"@id\":\"https:\\\/\\\/it-jm.fr\\\/?page_id=40#primaryimage\",\"url\":\"https:\\\/\\\/it-jm.fr\\\/wp-content\\\/uploads\\\/2022\\\/01\\\/logo.png\",\"contentUrl\":\"https:\\\/\\\/it-jm.fr\\\/wp-content\\\/uploads\\\/2022\\\/01\\\/logo.png\",\"width\":200,\"height\":98},{\"@type\":\"BreadcrumbList\",\"@id\":\"https:\\\/\\\/it-jm.fr\\\/?page_id=40#breadcrumb\",\"itemListElement\":[{\"@type\":\"ListItem\",\"position\":1,\"name\":\"Accueil\",\"item\":\"https:\\\/\\\/it-jm.fr\\\/\"},{\"@type\":\"ListItem\",\"position\":2,\"name\":\"[Xibo] &#8211; Affichage digital \\\/ Digital Signage\"}]},{\"@type\":\"WebSite\",\"@id\":\"https:\\\/\\\/it-jm.fr\\\/#website\",\"url\":\"https:\\\/\\\/it-jm.fr\\\/\",\"name\":\"IT-JM.FR\",\"description\":\"Ma vision de l&#039;IT\",\"potentialAction\":[{\"@type\":\"SearchAction\",\"target\":{\"@type\":\"EntryPoint\",\"urlTemplate\":\"https:\\\/\\\/it-jm.fr\\\/?s={search_term_string}\"},\"query-input\":{\"@type\":\"PropertyValueSpecification\",\"valueRequired\":true,\"valueName\":\"search_term_string\"}}],\"inLanguage\":\"fr-FR\"}]}<\/script>\n<!-- \/ Yoast SEO plugin. -->","yoast_head_json":{"title":"[Xibo] - Affichage digital \/ Digital Signage - IT-JM.FR","robots":{"index":"index","follow":"follow","max-snippet":"max-snippet:-1","max-image-preview":"max-image-preview:large","max-video-preview":"max-video-preview:-1"},"canonical":"https:\/\/it-jm.fr\/?page_id=40","og_locale":"fr_FR","og_type":"article","og_title":"[Xibo] - Affichage digital \/ Digital Signage - IT-JM.FR","og_description":"est un logiciel d\u2019affichage dynamique libre sous licence GNU Affero General Public License. Il est multi-\u00e9crans, multi-zones, enti\u00e8rement programm\u00e9e pour l&rsquo;affichage dynamique et contr\u00f4l\u00e9e par une interface web centralis\u00e9e. Il permet de diffuser des contenus multim\u00e9dias sur de multiple \u00e9crans. L\u2019affichage dynamique est un outil de communication performant pour dynamiser un espace (lieux de passage, [&hellip;]","og_url":"https:\/\/it-jm.fr\/?page_id=40","og_site_name":"IT-JM.FR","article_modified_time":"2022-01-28T22:13:29+00:00","og_image":[{"url":"https:\/\/it-jm.fr\/wp-content\/uploads\/2022\/01\/logo.png","type":"","width":"","height":""}],"twitter_card":"summary_large_image","twitter_misc":{"Dur\u00e9e de lecture estim\u00e9e":"3 minutes"},"schema":{"@context":"https:\/\/schema.org","@graph":[{"@type":"WebPage","@id":"https:\/\/it-jm.fr\/?page_id=40","url":"https:\/\/it-jm.fr\/?page_id=40","name":"[Xibo] - Affichage digital \/ Digital Signage - IT-JM.FR","isPartOf":{"@id":"https:\/\/it-jm.fr\/#website"},"primaryImageOfPage":{"@id":"https:\/\/it-jm.fr\/?page_id=40#primaryimage"},"image":{"@id":"https:\/\/it-jm.fr\/?page_id=40#primaryimage"},"thumbnailUrl":"https:\/\/it-jm.fr\/wp-content\/uploads\/2022\/01\/logo.png","datePublished":"2021-07-21T20:00:27+00:00","dateModified":"2022-01-28T22:13:29+00:00","breadcrumb":{"@id":"https:\/\/it-jm.fr\/?page_id=40#breadcrumb"},"inLanguage":"fr-FR","potentialAction":[{"@type":"ReadAction","target":["https:\/\/it-jm.fr\/?page_id=40"]}]},{"@type":"ImageObject","inLanguage":"fr-FR","@id":"https:\/\/it-jm.fr\/?page_id=40#primaryimage","url":"https:\/\/it-jm.fr\/wp-content\/uploads\/2022\/01\/logo.png","contentUrl":"https:\/\/it-jm.fr\/wp-content\/uploads\/2022\/01\/logo.png","width":200,"height":98},{"@type":"BreadcrumbList","@id":"https:\/\/it-jm.fr\/?page_id=40#breadcrumb","itemListElement":[{"@type":"ListItem","position":1,"name":"Accueil","item":"https:\/\/it-jm.fr\/"},{"@type":"ListItem","position":2,"name":"[Xibo] &#8211; Affichage digital \/ Digital Signage"}]},{"@type":"WebSite","@id":"https:\/\/it-jm.fr\/#website","url":"https:\/\/it-jm.fr\/","name":"IT-JM.FR","description":"Ma vision de l&#039;IT","potentialAction":[{"@type":"SearchAction","target":{"@type":"EntryPoint","urlTemplate":"https:\/\/it-jm.fr\/?s={search_term_string}"},"query-input":{"@type":"PropertyValueSpecification","valueRequired":true,"valueName":"search_term_string"}}],"inLanguage":"fr-FR"}]}},"_links":{"self":[{"href":"https:\/\/it-jm.fr\/index.php?rest_route=\/wp\/v2\/pages\/40","targetHints":{"allow":["GET"]}}],"collection":[{"href":"https:\/\/it-jm.fr\/index.php?rest_route=\/wp\/v2\/pages"}],"about":[{"href":"https:\/\/it-jm.fr\/index.php?rest_route=\/wp\/v2\/types\/page"}],"author":[{"embeddable":true,"href":"https:\/\/it-jm.fr\/index.php?rest_route=\/wp\/v2\/users\/1"}],"replies":[{"embeddable":true,"href":"https:\/\/it-jm.fr\/index.php?rest_route=%2Fwp%2Fv2%2Fcomments&post=40"}],"version-history":[{"count":206,"href":"https:\/\/it-jm.fr\/index.php?rest_route=\/wp\/v2\/pages\/40\/revisions"}],"predecessor-version":[{"id":520,"href":"https:\/\/it-jm.fr\/index.php?rest_route=\/wp\/v2\/pages\/40\/revisions\/520"}],"wp:attachment":[{"href":"https:\/\/it-jm.fr\/index.php?rest_route=%2Fwp%2Fv2%2Fmedia&parent=40"}],"curies":[{"name":"wp","href":"https:\/\/api.w.org\/{rel}","templated":true}]}}